t common factor of 91 and s.
91
Let x(z) = 3 + 2*z**3 + 7*z**2 + 0*z**3 - 3*z**3. Let g be x(7). Suppose 6*q + 6 = 8*q. What is the highest common factor of g and q?
3
Let m be (-1 - 0)/((-7)/70). Let d(b) = 9 - m*b - 3*b - 5*b. Let t be d(-4). What is the highest common divisor of t and 54?
27
Let s = -1009 - -1149. Let z(f) be the third derivative of -f**6/120 + 10*f**3/3 - 2*f**2. Let c be z(0). What is the highest common divisor of s and c?
20
Let y(z) = z - 23. Let c be y(21). Let d be c - (-3 + 0 - 51). Calculate the highest common factor of 13 and d.
13
Let r = -5 - -26. Let n(s) = s**3 + 7*s**2 - 12*s + 25. Let z be n(-10). Let x be z/(-55) - (-6)/33. What is the greatest common divisor of x and r?
3
Suppose g - 5*d = -95, -4*d + 193 + 171 = -4*g. Let k = g + 145. What is the highest common factor of k and 11?
11
Let r(k) = 4*k**3 - 3*k + 2. Let j = 17 - 16. Let m be r(j). Calculate the greatest common divisor of 3 and m.
3
Let d be ((-9)/4)/3*-76. Let n = d - 42. Suppose -360 = -3*q + 5*s, -2*q - 4*s - 25 = -265. Calculate the highest common factor of n and q.
15
Suppose 0 = 104*c - 111*c + 315. Let v be (-1)/(3 + (-28)/9). What is the greatest common divisor of c and v?
9
Let x(p) = -31*p**3 + 2*p**2 - 1. Let m be x(-1). Let n be ((-64)/10)/(20/(-2250)). Let t = -496 + n. Calculate the greatest common factor of m and t.
32
Suppose 19*f + 32 = 20*f. Let h be 12*((-4)/3 + 2). Calculate the highest common factor of f and h.
8
Let l be (-2)/(-12) + (-546)/36. Let d be ((-630)/(-75))/((-2)/l). What is the highest common factor of d and 21?
21
Let r be (-13 - -8 - 46)/(-1). What is the highest common divisor of 323 and r?
17
Let p = 11 + -11. Let d be p + (-66)/(2 - 5). Calculate the highest common divisor of d and 154.
22
Suppose 180 = 17*p - 13*p. Let r = -35 + p. Suppose -5*u + 5*l + 90 = 0, 0*l + 50 = 3*u - 5*l. What is the highest common factor of r and u?
10
Suppose -5*b + 7102 - 6722 = 0. What is the greatest common factor of 12 and b?
4
Let p = -1229 + 1286. What is the highest common divisor of 2793 and p?
57
Let g be 5/25 - (-184)/(-20). Let p be g/3 + (-1 - -20). What is the greatest common divisor of 64 and p?
16
Suppose 0*i - 3*i = -4*a + 283, -4*i = -4*a + 284. Suppose 5*d - 393 = 307. Suppose 0*y = 5*y - d. What is the greatest common factor of y and a?
14
Let y be (-578)/(-3) - 2/3. Suppose y = 9*p + 7*p. What is the highest common factor of 132 and p?
12
Let n(a) = 16*a + a - 2*a. Let o be n(5). What is the greatest common divisor of o and 15?
15
Let n(c) = 6*c**2 + 9*c - 27. Let p be n(-6). Let h = 555 - p. Calculate the greatest common factor of h and 42.
42
Let x be (4 + -1)/(1/8). Suppose 105 = 5*k - 5*h, -2*h + 149 - 9 = 5*k. Suppose k*j + 16 = 27*j. What is the highest common factor of x and j?
8
Let q be -149*((-36)/(-54))/((-4)/6). Suppose 6*b - 13 - q = 0. What is the greatest common factor of b and 27?
27
Suppose 3*p - 2*p + 2*k = 252, 7*p - 4*k - 1764 = 0. Calculate the greatest common factor of 168 and p.
84
Let z(h) = h**2 - h - 1. Let n be (6/(-9))/((-6)/18). Let w be z(n). What is the highest common divisor of w and 3?
1
Let i(q) = -5*q**3 - q**2 - q - 1. Let m be i(-1). Suppose 23 = 2*l + v, -5*l + 2*v - m*v = -58. Calculate the greatest common divisor of 108 and l.
12
Let v(x) = 7*x**3 + 7*x**2 - 5*x - 3. Let q(d) = d**3 + d. Let j(b) = 6*q(b) - v(b). Let s be j(-9). Calculate the highest common factor of 22 and s.
22
Suppose -2*l + 64 = -4*p, 0*l + 5*p - 37 = -2*l. Suppose 0 = z - 3*z + 20. Let d = l - z. What is the highest common factor of d and 4?
4
Suppose 85*k - 6948 = 7842. What is the highest common divisor of k and 261?
87
Suppose -o + 26 = 23. Suppose -9*c + 150 = -o*c. What is the highest common divisor of c and 5?
5
Let n(x) = -x**3 + 7*x**2 - 3*x + 8. Suppose -29 + 11 = -3*l. Let d be n(l). Let m = -7 - -72. Calculate the highest common divisor of d and m.
13
Let z(v) = 10*v - 43. Let s be z(5). Let q be 44/8 + (21/(-2))/s. What is the highest common divisor of 36 and q?
4
Let w be -15 - -16 - -14*1. Suppose 0*o - 3*o = w, 5*o + 265 = 2*c. What is the greatest common factor of 15 and c?
15
Let k be ((-946)/(-44))/(1/6). Calculate the highest common divisor of k and 3.
3
Suppose 3*n - 9*n = -3306. What is the highest common divisor of 19 and n?
19
Let b be (-2 - -3 - -2*17)/1. Suppose 2*c = -3*i + 79, -5*c - 2*i + 124 = -57. Calculate the greatest common divisor of c and b.
35
Let p(k) = 4*k**3 + 3*k**2 - 3*k - 2. Let s be p(2). Let z be 12 + (4/(-2) - 0). Suppose -z = -2*w + 14. What is the highest common factor of s and w?
12
Suppose 2*a - 4*a + 40 = 4*p, -4*a - 8 = -3*p. What is the highest common divisor of 4 and p?
4
Suppose -4*p + 4*g = -1508, 4*g = 7*p - 2*p - 1884. What is the highest common divisor of p and 8?
8
Suppose -4*k = -4*j - 588, 2*k - k = 5. Let w be (-30)/45 - j/6. What is the greatest common factor of 23 and w?
23
Let r(a) = 2*a**2 + 96*a + 196. Let y be r(-46). Calculate the greatest common divisor of y and 162.
6
Suppose 21 = 5*g - 4*g - 2*c, -75 = -5*g - 5*c. What is the highest common divisor of g and 51?
17
Suppose 6 = -5*u + 16. Let s = -5 - -7. Calculate the greatest common divisor of s and u.
2
Suppose 60 = 2*g + 22. Calculate the highest common divisor of 95 and g.
19
Let c(y) = 67*y + 419. Let i be c(-6). Suppose 3*b + 20 = 7*b. Suppose 2*t - 349 = -b*l, 3*t + l - 298 = 258. Calculate the greatest common factor of i and t.
17
Suppose 5*a - 3*j - 38 = -14, a - 4*j - 15 = 0. Let k = 7 - a. Let t(f) = -f**2 - 26*f + 28. Let p be t(-26). Calculate the highest common factor of k and p.
4
Let g = 57 + -43. Suppose -3*h = -16 - g. Calculate the highest common factor of h and 130.
10
Let j = 46 + -83. Let r be (2 + j)/(1/(-4)). Calculate the highest common divisor of r and 20.
20
Let v(u) = u**2 - 8*u + 9. Let m be v(10). Let j = -27 + m. Suppose j*b = s - 3*b - 53, -b - 1 = 0. What is the highest common factor of 32 and s?
16
Let k be (-2)/(-10) + (-1814)/(-5). Let i(c) = -75*c - 492. Let y be i(-7). Calculate the highest common factor of y and k.
33
Let m = -65 - -101. Calculate the highest common divisor of 96 and m.
12
Let s(q) be the third derivative of q**5/60 + q**4/24 - 2*q**3/3 - 12*q**2. Let i be s(-3). What is the highest common divisor of 2 and i?
2
Let l(r) = -2*r**3 - 4*r**2 + 13*r - 7. Let f be l(-6). What is the greatest common divisor of 58 and f?
29
Let k(c) = c**2 + 4*c + 4. Let q be k(-2). Let h(g) = -g**3 + 3*g + 3*g - 5*g + 30. Let y be h(q). What is the highest common factor of 20 and y?
10
Let t(h) = -18*h - 1. Let o be t(-1). Let j be o - -4 - (0 - -1). Calculate the greatest common divisor of 5 and j.
5
Let o = 424 - 255. Let n = o - 143. Suppose -p + 23 = -4*i + 1, -4*p + i + 103 = 0. What is the highest common factor of n and p?
26
Let q be 4/(-3) + (-2 - 286/(-3)). What is the highest common factor of 1150 and q?
46
Let a(v) = v**3 + 3*v**2 - 10*v + 6. Let f be a(-5). Let i = 1 + f. Let s be ((-28)/i)/((-3)/6). What is the highest common factor of s and 80?
8
Let u(f) = 38*f - 30. Let l be u(3). Let n be 4/(-6) + (-16)/12. Let i be (-76)/(-6) - n/(-3). What is the highest common factor of l and i?
12
Suppose 18*b - 51*b + 2970 = 0. Let w = 58 + -28. What is the greatest common divisor of b and w?
30
Let m(d) = d**3 - 7*d**2 + 6*d + 2. Let g be m(6). Suppose -6 = g*u - 4*u. What is the highest common factor of 6 and u?
3
Suppose -f = 3*q - 7599, -50 = 2*f - 44. Calculate the highest common divisor of q and 14.
14
Let c(z) = -3*z**3 + z**2 + z + 1. Let d be c(-2). Let i(s) = -16*s**3 - s**2 - 6*s - 3. Let x be i(-1). What is the highest common divisor of d and x?
9
Let g be (16/12)/(4/(-108)). Let a = g - -80. What is the highest common divisor of a and 11?
11
Suppose 4*j - 2*v = 1186, -3*j - 25*v + 20*v = -870. Calculate the greatest common factor of j and 118.
59
Let t be (56/(-10) + 4)/(4/(-170)). What is the highest common factor of t and 272?
68
Suppose -4 = -2*n + n. Suppose -4*u = -2*u - n. Suppose u*m = 19 + 25. Calculate the highest common factor of m and 11.
11
Let y(n) = 16*n**2 - 10*n - 23. Let f be y(-4). Calculate the greatest common divisor of f and 252.
21
Suppose -j + 121 = 2*l, 2*l - 93 = -3*j + 270. Suppose b - 2*r = 7, b